36492?
4
What is the units digit of 153125696?
6
What is the hundreds digit of 533279650?
6
What is the ten thousands digit of 8105086?
0
What is the tens digit of 281747604?
0
What is the units digit of 2072594974?
4
What is the hundred millions digit of 1392852035?
3
What is the millions digit of 1803508721?
3
What is the thousands digit of 92985826?
5
What is the hundred millions digit of 236222557?
2
What is the hundreds digit of 2764917370?
3
What is the millions digit of 3913590821?
3
What is the billions digit of 1832211253?
1
What is the ten thousands digit of 249070440?
7
What is the ten thousands digit of 78464446?
6
What is the ten millions digit of 604084223?
0
What is the hundreds digit of 146578239?
2
What is the thousands digit of 3969238462?
8
What is the hundred thousands digit of 2506238?
5
What is the ten thousands digit of 62925787?
2
What is the hundred millions digit of 991790680?
9
What is the ten thousands digit of 995990245?
9
What is the ten millions digit of 91468629?
9
What is the hundred thousands digit of 1177345346?
3
What is the hundreds digit of 220760088?
0
What is the millions digit of 732026872?
2
What is the thousands digit of 1749509384?
9
What is the ten thousands digit of 24206034?
0
What is the units digit of 2085044511?
1
What is the tens digit of 2865861053?
5
What is the hundred thousands digit of 318051751?
0
What is the ten thousands digit of 6904830567?
3
What is the ten millions digit of 6782620214?
8
What is the thousands digit of 204111344?
1
What is the millions digit of 125208070?
5
What is the ten thousands digit of 7227043651?
4
What is the ten thousands digit of 33218694?
1
What is the thousands digit of 100450796?
0
What is the units digit of 1497301993?
3
What is the thousands digit of 832725957?
5
What is the hundred thousands digit of 112994197?
9
What is the tens digit of 714681637?
3
What is the hundreds digit of 3136594835?
8
What is the ten millions digit of 87679506?
8
What is the hundreds digit of 207333706?
7
What is the hundred thousands digit of 341862184?
8
What is the thousands digit of 40725078?
5
What is the thousands digit of 1804830197?
0
What is the ten thousands digit of 17155061?
5
What is the tens digit of 863121528?
2
What is the tens digit of 13703069?
6
What is the ten thousands digit of 143983?
4
What is the ten millions digit of 125457708?
2
What is the hundred millions digit of 1439331985?
4
What is the tens digit of 403844786?
8
What is the thousands digit of 4359031571?
1
What is the units digit of 2337514879?
9
What is the ten millions digit of 1392509241?
9
What is the hundred thousands digit of 327448226?
4
What is the hundred thousands digit of 301052335?
0
What is the thousands digit of 72454940?
4
What is the ten millions digit of 307482248?
0
What is the hundred thousands digit of 936617543?
6
What is the units digit of 55609122?
2
What is the millions digit of 53837666?
3
What is the units digit of 33845237?
7
What is the thousands digit of 3307074760?
4
What is the ten thousands digit of 2484512907?
1
What is the tens digit of 2828595062?
6
What is the tens digit of 158682174?
7
What is the hundred millions digit of 114898079?
1
What is the units digit of 879276038?
8
What is the ten thousands digit of 47328421?
2
What is the millions digit of 2517202555?
7
What is the tens digit of 76300695?
9
What is the ten millions digit of 1595185179?
9
What is the hundred thousands digit of 1178429033?
4
What is the ten millions digit of 171862708?
7
What is the tens digit of 5813070485?
8
What is the millions digit of 181744999?
1
What is the units digit of 10558401?
1
What is the thousands digit of 74646314?
6
What is the hundred thousands digit of 326317864?
3
What is the millions digit of 2554827429?
4
What is the tens digit of 4147526936?
3
What is the tens digit of 1667314734?
3
What is the thousands digit of 362546361?
6
What is the units digit of 61538988?
8
What is the ten millions digit of 89432613?
8
What is the millions digit of 32250432?
2
What is the units digit of 1439817896?
6
What is the ten millions digit of 204542099?
0
What is the hundred thousands digit of 32774629?
7
What is the units digit of 431376673?
3
What is the units digit of 1074379408?
8
What is the tens digit of 54326594?
9
What is the units digit of 1474323361?
1
What is the ten millions digit of 18599506?
1
What is the thousands digit of 607572741?
2
What is the millions digit of 43026516?
3
What is the ten thousands digit of 6953150708?
5
What is the millions digit of 2710903781?
0
What is the ten millions digit of 1761394943?
6
What is the hundreds digit of 6903703452?
4
What is the ten millions digit of 390318559?
9
What is the ten thousands digit of 38524327?
2
What is the hundreds digit of 797395403?
4
What is the ten millions digit of 140913656?
4
What is the ten thousands digit of 3261761928?
6
What is the ten millions digit of 7287031062?
8
What is the hundreds digit of 444409676?
6
What is the hundreds digit of 58450559?
5
What is the hundred thousands digit of 159765087?
7
What is the tens digit of 966561566?
6
What is the ten thousands digit of 11050627?
5
What is the units digit of 1521656085?
5
What is the hundreds digit of 1039085809?
8
What is the hundred thousands digit of 248571969?
5
What is the hundred millions digit of 1000435362?
0
What is the hundred millions digit of 1847107500?
8
What is the units digit of 39354972?
2
What is the hundred millions digit of 490250293?
4
What is the thousands digit of 37429497?
9
What is the hundred thousands digit of 915254332?
2
What is the hundred millions digit of 117012241?
1
What is the millions digit of 9379693?
9
What is the ten thousands digit of 4833654324?
5
What is the hundreds digit of 57165021?
0
What is the thousands digit of 238927557?
7
What is the hundreds digit of 446772727?
7
What is the millions digit of 6882802438?
2
What is the millions digit of 1838479543?
8
What is the millions digit of 67076767?
7
What is the tens digit of 149100803?
0
What is the hundred thousands digit of 244358999?
3
What is the tens digit of 40109621?
2
What is the hundreds digit of 2089832359?
3
What is the units digit of 5657431927?
7
What is the hundred thousands digit of 161212071?
2
What is the hundreds digit of 4031821749?
7
What is the thousands digit of 41892188?
2
What is the ten thousands digit of 2445113054?
1
What is the hundred thousands digit of 2066475918?
4
What is the thousands digit of 99586382?
6
What is the hundreds digit of 74968815?
8
What is the units digit of 3317456?
6
What is the units digit of 110946500?
0
What is the thousands digit of 2173323?
3
What is the millions digit of 23642088?
3
What is the hundreds digit of 31749616?
6
What is the ten thousands digit of 15285898?
8
What is the hundred thousands digit of 3986592345?
5
What is the hundred thousands digit of 1554426775?
4
What is the billions digit of 3517137962?
3
What is the units digit of 66384045?
5
What is the ten thousands digit of 1590609668?
0
What is the hundreds digit of 52519447?
4
What is the thousands digit of 6009473398?
3
What is the ten millions digit of 258505911?
5
What is the ten thousands digit of 65599883?
9
What is the ten millions digit of 30576662?
3
What is the hundreds digit of 32966032?
0
What is the thousands digit of 420705069?
5
What is the millions digit of 684442173?
4
What is the hundred thousands digit of 1696403720?
4
What is the thousands digit of 2197890873?
0
What is the hundred millions digit of 398332871?
3
What is the thousands digit of 1068734273?
4
What is the millions digit of 142520905?
2
What is the tens digit of 88486033?
3
What is the millions digit of 263845737?
3
What is the hundreds digit of 2789782811?
8
What is the millions digit of 679257043?
9
What is the hundreds digit of 18995038?
0
What is the thousands digit of 297004411?
4
What is the ten millions digit of 91118676?
9
What is the tens digit of 149411256?
5
What is the hundred millions digit of 384940307?
3
What is the hundred thousands digit of 92299530?
2
What is the millions digit of 132760736?
2
What is the ten thousands digit of 5544566?
4
What is the millions digit of 5755965?
5
What is the ten millions digit of 118899879?
1